te number?
True
Is 11215 prime?
False
Is 137029 prime?
True
Is 10297 a prime number?
False
Is 7901 composite?
False
Is 40961 a prime number?
True
Is 2559 a prime number?
False
Is 15917 composite?
True
Is 206993 a prime number?
True
Is 70963 a composite number?
True
Is 4417 prime?
False
Is 86611 composite?
True
Is 7853 composite?
False
Is 165521 a prime number?
False
Is 4105 composite?
True
Is 273931 prime?
False
Is 28369 composite?
True
Is 139787 composite?
False
Is 34807 a prime number?
True
Is 41279 composite?
True
Is 21467 a prime number?
True
Is 1955189 a composite number?
True
Is 84629 composite?
False
Is 32989 a composite number?
True
Is 153059 composite?
False
Is 14693 a prime number?
False
Is 351209 a composite number?
True
Is 85678 a composite number?
True
Is 10663 composite?
False
Is 9083 composite?
True
Is 66221 composite?
False
Is 7831 a composite number?
True
Is 2782037 composite?
True
Is 718511 composite?
False
Is 23189 prime?
True
Is 3989 composite?
False
Is 253 a composite number?
True
Is 2039 composite?
False
Is 28703 a composite number?
False
Is 41417 a prime number?
False
Is 3973 a prime number?
False
Is 100907 composite?
False
Is 116349 prime?
False
Is 810319 a composite number?
False
Is 7039 prime?
True
Is 69439 prime?
True
Is 130609 prime?
False
Is 641 prime?
True
Is 39607 composite?
False
Is 988277 prime?
False
Is 8857 a composite number?
True
Is 30773 composite?
False
Is 558307 prime?
True
Is 125941 composite?
False
Is 338909 composite?
False
Is 3170659 a prime number?
True
Is 26363 composite?
True
Is 121 prime?
False
Is 131753 a prime number?
False
Is 511847 a composite number?
True
Is 6299 a prime number?
True
Is 11629 prime?
False
Is 703633 a prime number?
False
Is 1783889 prime?
True
Is 267 composite?
True
Is 352579 prime?
True
Is 302945 a prime number?
False
Is 943261 a composite number?
True
Is 237577 composite?
True
Is 149255 a composite number?
True
Is 18431 composite?
True
Is 38767 a prime number?
True
Is 3707045 composite?
True
Is 1709 prime?
True
Is 611 a prime number?
False
Is 1233933 composite?
True
Is 118487 a composite number?
True
Is 7901 prime?
True
Is 391711 a composite number?
False
Is 13609 a prime number?
False
Is 339211 composite?
False
Is 88037 a prime number?
True
Is 556651 a composite number?
False
Is 790087 a prime number?
True
Is 39961 prime?
False
Is 34571 a composite number?
True
Is 11314 a composite number?
True
Is 6449 a prime number?
True
Is 272179 composite?
False
Is 492377 composite?
False
Is 867983 a prime number?
False
Is 20017 prime?
False
Is 1128569 a composite number?
True
Is 177409 a prime number?
True
Is 179071 prime?
False
Is 27233 prime?
False
Is 470927 composite?
False
Is 175621 a prime number?
True
Is 408337 composite?
False
Is 208843 composite?
False
Is 18827 prime?
False
Is 412249 composite?
False
Is 11903 a prime number?
True
Is 16357 prime?
False
Is 34171 composite?
False
Is 3295 prime?
False
Is 123451 prime?
False
Is 201643 composite?
True
Is 76597 prime?
True
Is 42943 composite?
False
Is 128309 composite?
True
Is 89459 a prime number?
True
Is 66319 prime?
False
Is 75797 a composite number?
False
Is 40739 prime?
True
Is 15571 a prime number?
False
Is 1821 composite?
True
Is 29039 composite?
True
Is 1557689 composite?
True
Is 37171 composite?
False
Is 766401 prime?
False
Is 123841 prime?
False
Is 103913 a composite number?
False
Is 18457 a prime number?
True
Is 17159 a composite number?
False
Is 74281 a prime number?
False
Is 256415 prime?
False
Is 1303 a composite number?
False
Is 632971 prime?
True
Is 62063 prime?
False
Is 52613 a composite number?
True
Is 354563 prime?
False
Is 6113 composite?
False
Is 138401 prime?
True
Is 25073 a composite number?
False
Is 1580119 prime?
True
Is 47543 composite?
False
Is 104605 prime?
False
Is 193663 prime?
True
Is 7509 composite?
True
Is 374347 a prime number?
True
Is 4163 prime?
False
Is 7093 a prime number?
False
Is 371 a composite number?
True
Is 396833 composite?
False
Is 21401 a prime number?
True
Is 100321 composite?
True
Is 100151 a prime number?
True
Is 699931 composite?
False
Is 659251 a composite number?
False
Is 11387 composite?
True
Is 22249 composite?
True
Is 91259 a prime number?
False
Is 4721 composite?
False
Is 322727 a composite number?
False
Is 352591 a prime number?
False
Is 907903 a prime number?
False
Is 1071193 prime?
True
Is 18173 a prime number?
False
Is 342367 a prime number?
False
Is 48605 a prime number?
False
Is 381683 a prime number?
False
Is 607471 a composite number?
False
Is 119 prime?
False
Is 9413 composite?
False
Is 1477 composite?
True
Is 19681 prime?
True
Is 113557 composite?
False
Is 46261 composite?
False
Is 198241 composite?
False
Is 13173 composite?
True
Is 140009 composite?
False
Is 259 a prime number?
False
Is 88742 a prime number?
False
Is 254266 a composite number?
True
Is 389471 composite?
True
Is 706337 a prime number?
True
Is 145357 prime?
False
Is 537271 composite?
True
Is 6643885 a prime number?
False
Is 127319 a composite number?
True
Is 611881 composite?
True
Is 121039 prime?
True
Is 4861 a composite number?
False
Is 4103 composite?
True
Is 2615 composite?
True
Is 19961 composite?
False
Is 194861 a composite number?
False
Is 10757 a composite number?
True
Is 36061 prime?
True
Is 3743 prime?
False
Is 46401 a prime number?
False
Is 102397 a composite number?
False
Is 3079 a prime number?
True
Is 554173 a composite number?
True
Is 429713 prime?
False
Is 9773 prime?
False
Is 3353 prime?
False
Is 2103 a composite number?
True
Is 3359 a prime number?
True
Is 3389 prime?
True
Is 5809 a composite number?
True
Is 4151 a prime number?
False
Is 345997 prime?
True
Is 4399 a composite number?
True
Is 10799 a prime number?
True
Is 3455717 a prime number?
False
Is 4751 a prime number?
True
Is 99091 prime?
False
Is 61627 composite?
False
Is 2917 a composite number?
False
Is 6247 a composite number?
False
Is 673 a composite number?
False
Is 15079 composite?
True
Is 963991 a prime number?
False
Is 4081627 a composite number?
True
Is 23099 prime?
True
Is 70429 prime?
True
Is 8021 a prime number?
False
Is 28783 composite?
True
Is 209369 prime?
False
Is 10643 a composite number?
True
Is 624307 a prime number?
False
Is 40345 a composite number?
True
Is 999013 prime?
False
Is 60199 composite?
True
Is 1346 prime?
False
Is 8419 a prime number?
True
Is 7169 prime?
False
Is 667 a prime number?
False
Is 49307 composite?
False
Is 11113 prime?
True
Is 3739 a composite number?
False
Is 4181 a composite number?
True
Is 352883 composite?
False
Is 4637 a composite number?
False
Is 13521 prime?
False
Is 2307 prime?
False
Is 129453 composite?
True
Is 2243 prime?
True
Is 35539 a prime number?
False
Is 115967 a composite number?
True
Is 22141 composite?
True
Is 2599 composite?
True
Is 12883 prime?
False
Is 7146515 a composite number?
True
Is 7919 composite?
False
Is 253 prime?
False
Is 90479 a prime number?
False
Is 3019 composite?
False
Is 73379 composite?
False
Is 183937 prime?
False
Is 457319 a composite number?
False
Is 402793 a composite number?
True
Is 11131 composite?
False
Is 1355161 composite?
True
Is 220237 a prime number?
False
Is 4227 composite?
True
Is 47543 prime?
True
Is 6995 a composite number?
True
Is 24889 a prime number?
True
Is 55897 a composite number?
False
Is 41747 a prime number?
False
Is 473197 prime?
True
Is 1300973 a prime number?
False
Is 23183 prime?
False
Is 503 a prime number?
True
Is 630131 a prime number?
False
Is 358181 a composite number?
False
Is 751577 prime?
False
Is 865174 prime?
False
Is 3369929 a composite number?
False
Is 11369 a prime number?
True
Is 43391 a composite number?
False
Is 1473 prime?
False
Is 5089 a prime number?
False
Is 5359043 prime?
False
Is 406067 composite?
False
Is 3409 composite?
True
Is 59239 prime?
True
Is 2789 composite?
False
Is 838273 a prime number?
False
Is 3427 prime?
False
Is 153871 prime?
True
Is 32885 prime?
False
Is 432417 prime?
False
Is 84355 prime?
False
Is 44593 prime?
False
Is 11159 prime?
True
Is 49297 a composite number?
False
Is 170219 a prime number?
False
Is 37833 prime?
False
Is 250103 prime?
False
Is 8951 composite?
False
Is 32687 a composite number?
False
Is 26734 a prime number?
False
Is 1387 composite?
True
Is 907 a composit